- (-1 - -1). Let n(q) = 4*q - 4. Let c be n(1). Suppose -3*g - 3*p + 3 = c, g - 2 = -3*p - 1. Calculate the greatest common factor of v and g.
1
Let y = -95745 - -96876. Suppose v - 18 = 21. What is the highest common factor of y and v?
39
Let q(a) = -22*a - 40. Suppose 5*o + 27 + 4 = -4*m, -8 = 4*o - m. Let t be q(o). What is the greatest common divisor of 26 and t?
26
Suppose 250*a - 5568 = 218*a. What is the greatest common factor of 3 and a?
3
Suppose 35669 = 3*i + y + 3802, 4*y = 3*i - 31892. Calculate the greatest common divisor of i and 256.
128
Let v = -427 - -455. Suppose f + g - 8 = -0*f, v = 5*f + g. Calculate the greatest common factor of 135 and f.
5
Let u(x) = 15*x**3 - 2*x**2 + 4. Let f be u(2). Suppose 2*w - 5*q = f, -22*q + 174 = 3*w - 23*q. What is the highest common factor of w and 406?
58
Let q be (-4 - (-2 - 1))*(-6 - -3). Suppose -q*u - 4*u = -14. Suppose u*o - 32 = -5*l + 3*o, -2*l = -4*o - 2. Calculate the highest common divisor of l and 21.
7
Suppose -9 = g - 18. Suppose -i = -7 - g. Suppose -3*r = -3*x + 111, -x = -5*r + 2*r - 47. What is the greatest common divisor of x and i?
16
Suppose -r + 2*n = -272, 5*n + 7 + 809 = 3*r. Let v = 299 - r. What is the highest common divisor of 432 and v?
27
Let d = 19775 - 17000. What is the highest common factor of 444 and d?
111
Let w(d) = 880*d**3 + 8*d**2 + 193*d - 796. Let f be w(4). Calculate the highest common divisor of 24 and f.
24
Let c = 155 - 67. Let o be (-2)/12 + (-1309)/(-42). Let y = 42 - o. What is the greatest common divisor of c and y?
11
Let w be ((3 - 16) + 23)*88. Calculate the highest common divisor of w and 165.
55
Let z(q) be the third derivative of -q**6/120 + q**4/8 + 8*q**3/3 + 9*q**2 - 1. Let h be z(-4). What is the greatest common divisor of h and 17?
17
Let x(f) = f**3 - 33*f**2 + 33*f - 68. Let h be x(32). Let g be 2*(-16)/24*h. What is the greatest common divisor of 256 and g?
16
Let f be (1065/12)/((-1)/(-4)). Suppose 2*v = -v, 5*u = 4*v + f. Let k = -43 + u. Calculate the greatest common divisor of 14 and k.
14
Suppose -387*z - 28404 + 83876 = -46696. What is the greatest common divisor of z and 4048?
88
Suppose -30 + 42 = 4*g. Let f be 21 - (-1 + 4 - g). Let p(c) = 6*c - 3. Let v be p(4). Calculate the highest common factor of v and f.
21
Let q be (12/7)/(9/84). Suppose -2*p + 5*i - i + q = 0, -5*p + i = -58. What is the greatest common divisor of p and 15?
3
Let b(c) = 2*c**3 + 64*c**2 + 2*c + 91. Let j be b(-32). Calculate the greatest common divisor of j and 396.
9
Suppose -8299*f + 8259*f + 363 = -77. Let u be 1*4*(-430)/(-8). Suppose 3*y - 82 = u. Calculate the greatest common factor of y and f.
11
Suppose 20*g - 348 = 92. Suppose -3*u - 23 = -2*i + g, -i + 4*u = -10. Calculate the highest common factor of i and 570.
30
Let g = -5643 + 5796. Calculate the highest common divisor of g and 867.
51
Suppose 0*l - l = -7. Let v be -3 + 3 + (-28)/l + 125. Calculate the highest common factor of 22 and v.
11
Let h = 19 - 9. Let g(j) = -4*j - 1. Let c(a) = 9*a. Let n(q) = 3*c(q) + 7*g(q). Let b be n(-11). Calculate the greatest common factor of b and h.
2
Suppose 0*h = -5*u + 4*h + 650, u = -4*h + 130. Calculate the greatest common factor of u and 845.
65
Let i = 285 - 285. Suppose i*a + a = 5*j + 388, -j + 3 = 0. What is the highest common divisor of a and 31?
31
Suppose 11*x - 38 = 17. Suppose -t = 4*t + m - 221, x*t - 209 = -4*m. Calculate the greatest common factor of 10 and t.
5
Suppose -2*z + 21746 = 5*c, 21748 = 5*c + 15*z - 14*z. What is the greatest common divisor of c and 348?
174
Let c be (-1 + 16/(-14))*(-98)/14. What is the greatest common factor of 174 and c?
3
Let t(c) = c**2 + 19*c + 82. Let y be t(-13). Suppose -5*s + 31 = 4*a, -9 + 1 = y*s - 5*a. Suppose -g = -15 - 51. What is the highest common factor of g and s?
3
Let g be -10 + (-162)/(-15) + 112/10. What is the greatest common factor of g and 444?
12
Suppose 5*d = 7*k - k - 64814, -3*k + 32406 = -3*d. Calculate the greatest common divisor of 584 and k.
292
Let i be (1 - 0)/(2*(-9)/72) + 356. What is the highest common divisor of 4 and i?
4
Let b be (-60)/(-36) + 6676/12. What is the highest common factor of b and 93?
93
Suppose 11*z - 13*z + 5*u = -30, z = -2*u - 3. Suppose -n - x + 1 + 4 = 0, -z*x + 17 = 4*n. Calculate the greatest common factor of n and 92.
4
Let s = -5 - 19. Let w be (-303)/(-12) - (-6)/s. Suppose -16 - w = -3*c - 4*f, -4*c + f = -42. Calculate the greatest common factor of 121 and c.
11
Suppose 0 = -6*h - 596 + 20. Let c = h - -97. Let s be (-1)/(1/c + -2). What is the greatest common divisor of s and 7?
1
Let f(g) = g**2 - 2*g + 17. Let n be f(-7). Calculate the highest common factor of n and 7120.
80
Let s(f) = 41*f**2 - 27*f - 5. Let n be s(-4). Calculate the highest common divisor of 138 and n.
69
Let j = -255 - -393. Let n = j + -93. Suppose -10*p + 15 = -n. What is the highest common divisor of 6 and p?
6
Let q = -146 - -150. Suppose a - q*z - 112 = 0, -a - 2*z - 2*z + 104 = 0. What is the greatest common factor of a and 72?
36
Suppose -3*i + 3*j = 129, -7*j = -2*j + 5. Let h = -36 - i. Calculate the highest common divisor of h and 20.
4
Let v be 11/(-7*9/(-189)). Calculate the greatest common divisor of v and 192.
3
Let p be 1/2 + (-249)/(-6). Let r(h) = h**2 - 30*h - 73. Let i be r(34). Calculate the greatest common factor of i and p.
21
Let a(n) = n**3 + 8*n**2 - 10*n + 11. Let s be a(-9). Let j be (-3)/6*((-159)/4 + (-12)/48). Calculate the greatest common factor of s and j.
20
Let l be -40 - -43 - 4*(-85 - -2). What is the highest common factor of l and 134?
67
Let i be (0 + -78)*3/(-9). Let q be 39 + -15 + 2/2. Let n = i - q. What is the greatest common divisor of n and 4?
1
Let j(h) = -571*h - 10264. Let m be j(-18). What is the greatest common divisor of 9681 and m?
7
Suppose -353 = 2*t - 101. Let x be (0 - 311)/(3 - 5)*2. Let a = t + x. Calculate the highest common factor of 37 and a.
37
Let p = -155 + 29. Let f be (-13 - p)/(2/8). Suppose -3*w - 4*m + f = 2*w, -w - 5*m = -82. What is the highest common divisor of w and 23?
23
Let r = 515087 + -515082. Let h(z) = 27*z**2 - 3*z + 1. Let g be h(-4). What is the highest common factor of g and r?
5
Suppose n + 42*n = 26*n + 1292. Let i(r) = -r**3 - r + 114. Let z be i(0). Calculate the highest common factor of n and z.
38
Suppose k - 416 = 2*q, 3*k - 1170 = -5*q + 67. Let h be 10*-1*2*5313/(-1155). Calculate the greatest common factor of h and k.
46
Let q be (-216 - -212)/((-1)/4 + (-310)/(-1272)). Calculate the greatest common factor of 132 and q.
12
Let x be 3*292/180 - (-10)/75. Suppose 9*j - x*j = 104. Let l(g) = 2*g**2 + 4*g - 5. Let z be l(-7). What is the greatest common factor of j and z?
13
Suppose 0 = 278*v - 281*v + 15. Let f(s) = 2*s**3 + 7*s**2 - 8*s + 3. Let k be f(v). Calculate the highest common divisor of k and 4.
4
Suppose -4*g + 2770 = g. Suppose 3*w = g - 104. Let p be w/1 + 1 + -1. Calculate the highest common divisor of 60 and p.
30
Let l = 10 + -5. Let z be (54/l)/(4/140). Let p = z - 243. What is the greatest common divisor of 15 and p?
15
Let t be ((6 + -6)/(-3))/2. Suppose -3*x + 6 = t, -x = -3*f - 18 + 49. What is the highest common divisor of 5 and f?
1
Suppose 0 = c - 4*m, -13 = -7*c + 3*c + 3*m. Let b(z) = -z**3 + 4*z**2 - z + 8. Let n be b(c). Calculate the greatest common divisor of 32 and n.
4
Suppose 27170 + 17826 = 14*t. Suppose 4*x + 4336 = 4*r, -x + 1050 = -2*r + t. Suppose -11*k = -3*k - r. Calculate the highest common divisor of 54 and k.
27
Suppose -6*h + 2*k + 5 = -h, -17 = -3*h + 4*k. Let c be (-1 + -1 - h)*-12. Let r = 116045 - 116042. Calculate the highest common divisor of r and c.
3
Let z = -1967 - -2195. What is the greatest common factor of 38 and z?
38
Let f(c) = -2*c**2 + 20*c - 8. Let y be f(6). Suppose 5*s - y = -3*l + 19, -3*l - 3*s = -63. What is the greatest common divisor of 2 and l?
1
Suppose 3*q - 10 - 206 = 0. Suppose -2*k = 2*k + 4*y - 48, 0 = -4*k + 4*y + q. Let x be (k/6 - -3)*12. Calculate the greatest common divisor of 6 and x.
6
Suppose 133*b = -3*m + 129*b + 5784, 2*m = 4*b + 3816. What is the highest common factor of 200 and m?
40
Suppose 0*z - 4*z + 672 = 0. Suppose 4*l - 1810 = 36*m - 39*m, 0 = 5*l + 3*m - 2258. Calculate the